*u = -4*p + 16. Let g(m) = -5*m + 5. Let a be g(-4). Let v = a - p. Calculate the greatest common divisor of 3 and v.
3
Suppose g - 9 = -2*g. Let h(s) = s**2 + 13*s + 15. Let c be h(-12). Calculate the greatest common factor of g and c.
3
Let x(s) = 12*s - 7. Let l be x(7). Suppose 0 = w - 0*w - l. Suppose -y + 3 = -4. What is the highest common divisor of w and y?
7
Let f = 1 - 1. Suppose -m = -f*t + t, 5*t + 50 = 5*m. Calculate the greatest common factor of m and 1.
1
Let o(m) be the first derivative of 32*m**3 + m**2/2 + m + 5. Let v be o(-1). Let z be (12*1)/((-2)/(-4)). Calculate the highest common divisor of v and z.
24
Suppose v - 3*q - 24 = 0, -6*v + v = q - 184. What is the greatest common divisor of v and 18?
18
Suppose 0 = -2*p - 4*h + 10 + 26, 21 = 2*p + h. Let k = 29 - 17. Calculate the greatest common factor of k and p.
4
Suppose -2 = s - 3. Let g = s - -4. Suppose 0 = -5*d + g, -l + 3*l + 3*d = 153. What is the greatest common factor of 15 and l?
15
Let h(g) = -30*g + 6. Let n be h(-7). What is the highest common divisor of 24 and n?
24
Suppose 2*y + 182 = 2*m + 2*m, -y - 3 = 0. Calculate the highest common divisor of 4 and m.
4
Let a(y) = 39*y**2 - 2*y - 2. Let i be a(-1). What is the highest common divisor of i and 273?
39
Let i(u) = -7*u + 2. Let j be i(-6). Let m be (1 - (-128)/6) + (-10)/30. What is the highest common factor of j and m?
22
Suppose 0*c = -5*c + 25. Let k be (-4)/(-10) + 198/c. What is the highest common factor of k and 8?
8
Let q = 8 - 1. Suppose 6*z - 4 = 2*z. Calculate the highest common divisor of q and z.
1
Suppose 5*n + 120 = 6*n. Suppose 0*k + 3*k - 3*q = 180, n = 2*k + 2*q. Calculate the greatest common factor of k and 90.
30
Let f be -2 + 4 + 2/1. Calculate the highest common factor of 1 and f.
1
Let q be 18/(-15)*-5 - 2. Calculate the highest common divisor of q and 32.
4
Let y be (-1)/((-6)/(-2)) - 1020/(-36). Let i = 98 + -42. Calculate the greatest common divisor of i and y.
28
Let v(y) = 19*y - 2. Let x be v(2). Calculate the greatest common divisor of x and 72.
36
Suppose 0 = 2*r + 7 - 11. Suppose -2*s + b + 16 = -4*b, -4*s - r*b + 56 = 0. What is the greatest common divisor of s and 65?
13
Let m(h) = 8*h**2 - 3*h + 4. Let d be m(4). Let a be (d/35)/(1/14). What is the greatest common divisor of 16 and a?
16
Let z be 3 - (-1 + 2 - 0)*-21. Calculate the highest common factor of 9 and z.
3
Let q = 37 - 10. Calculate the greatest common divisor of q and 216.
27
Let m(a) = a**3 + 5*a**2 - 4*a - 17. Let d be m(-5). Let t = 2 - 1. Let k be (63 - t)/2 - 1. Calculate the highest common factor of d and k.
3
Let h(c) be the first derivative of 10*c**3/3 + c**2 + c + 1. Let t be h(-1). What is the highest common factor of 6 and t?
3
Let m be 75/12*(0 - -24). What is the greatest common factor of 60 and m?
30
Let n be 0 - -1 - (-304)/8. What is the highest common divisor of n and 195?
39
Let o be -2 + 5 + (13 - 2). Calculate the highest common divisor of o and 7.
7
Suppose 3*v = 5*h + 33, -v - 3*h - 21 = -3*v. Calculate the highest common factor of v and 42.
6
Suppose -4*s = 3*d - 39, 2*s - 3*s = -3*d - 21. Let x = -16 + 64. Calculate the greatest common divisor of x and s.
12
Let b be (-2)/11 - (-36613)/209. What is the greatest common divisor of b and 25?
25
Let g = -89 + 143. Calculate the greatest common factor of g and 6.
6
Let v = 8 + -3. Suppose 2*m - 28 = v*a, -3*m - 3*a = -a - 23. What is the highest common factor of 9 and m?
9
Suppose 2*v - 4*v = -3*y + 22, 0 = 4*y + 3*v - 1. Calculate the highest common factor of y and 44.
4
Suppose 2*v - 2*j = -528, -5*v + 2*j = 6*j + 1311. Let t(z) = 40*z - 7. Let s be t(-4). Let m = s - v. Calculate the greatest common factor of m and 12.
12
Let i(p) = -p + 11. Let g be i(-15). Calculate the greatest common divisor of g and 65.
13
Let m = 7 - 2. Suppose 4*l + 5 - 17 = 0. Let n(p) = p**2 - 2*p + 2. Let u be n(l). What is the highest common factor of m and u?
5
Suppose -5*h + 3*l + 56 = -h, 5*l = 20. Suppose 22 + 37 = 3*k + 4*g, -2*g = 5*k - 89. Calculate the greatest common divisor of k and h.
17
Let o(l) be the third derivative of l**6/120 - l**5/12 - 5*l**4/24 - 5*l**3/6 + 2*l**2. Let z be o(6). What is the highest common factor of 2 and z?
1
Let v be ((63/(-6))/(-7))/((-3)/(-52)). Let j be (-13)/2*(-6 - -4). What is the highest common factor of j and v?
13
Suppose 0 = -2*f + 2 + 2. Let b(q) = -q**3 + 14*q**2 + 4*q - 2*q - 20 + q. Let w be b(14). What is the greatest common divisor of w and f?
2
Let q be 0 + -2 + 8 + -2. Suppose -q = -0*l + l. Let k(a) = -3*a - 6. Let c be k(l). Calculate the greatest common divisor of 12 and c.
6
Let n be 2/1*(-30)/(-12). Suppose n*i = -2 + 12. Calculate the greatest common factor of 16 and i.
2
Let w(q) = -3*q**2 + 9*q**2 + 2*q**2 + 4*q - 3*q. Let d be w(-1). Calculate the greatest common divisor of d and 63.
7
Let d be 7/(-5) - (-2)/5. Let w be d - 2/((-2)/15). Calculate the highest common factor of 98 and w.
14
Suppose 1 - 5 = -2*s. Let g = 179 - 161. What is the highest common factor of g and s?
2
Suppose a + 12 = 3*a. Suppose 2*r = a - 2. Suppose -t = -r*u + 27, -3*t + 14 = 2*u - 1. Calculate the highest common divisor of 12 and u.
12
Let x(l) = 11*l**3 - l. Let g = 3 - 2. Let o be x(g). Suppose 5*t - a - 400 = 0, 0*a + 4*a = 0. Calculate the highest common divisor of o and t.
10
Suppose 0 = 6*u - 2*u - 52. Calculate the highest common divisor of u and 52.
13
Let y(k) = -k**3 - 4*k**2 - 5*k. Let r(a) = -a - 8. Let o be r(-4). Let g be y(o). What is the greatest common factor of 10 and g?
10
Let x(p) = -6*p - 40. Let c be x(-10). What is the highest common divisor of c and 160?
20
Suppose 0 = 10*x - 14*x + 12. Suppose 3*r = -x*w + 33, -6*r + 2*r = -3*w - 44. What is the highest common factor of 55 and r?
11
Suppose 3*q - k + 5 = 0, q - 3*k + 1 = 10. Let x be (-66)/2*2/q. Calculate the greatest common factor of 33 and x.
11
Let w = 273 + -41. What is the highest common factor of 29 and w?
29
Let m = -24 + -30. Suppose 151 = 2*h + 5*b + 10, -h = b - 75. Let p = h + m. Calculate the greatest common divisor of 6 and p.
6
Let j = 7 - 4. Suppose -5*f = m - 130, -j*m + 4*m - 78 = -3*f. Calculate the greatest common divisor of f and 26.
26
Let k = 1 - -33. Calculate the highest common factor of 68 and k.
34
Let v(b) = 4*b - 6. Let r be v(4). Let s(c) = -21*c**3 + 4*c + 3. Let u be s(-1). What is the highest common divisor of u and r?
10
Suppose o + 4 = 0, 2*q - 3*o = q + 26. Suppose 4*y + 162 = -362. Let l = -75 - y. Calculate the greatest common factor of l and q.
14
Let m be -3 + -2*129/(-6). Suppose h = 4*i + 12 + 6, -2*i + m = 3*h. Calculate the greatest common factor of 112 and h.
14
Let c(s) = 5*s + 36. Let o be c(-5). Calculate the greatest common divisor of o and 11.
11
Suppose -3*z = -2*j + 47 + 37, j + z - 32 = 0. Let g be 6/(-5)*-9*(4 + 6). Calculate the greatest common factor of j and g.
36
Let u = 45 - 72. Let z be 110/9 + 6/u. What is the highest common factor of 36 and z?
12
Suppose 0 = 9*g - 7*g - 8. What is the highest common factor of 36 and g?
4
Let p(u) = -2*u - 11. Let w be p(-8). Suppose -w = -g - 3. Suppose 0*v + 4*v - 64 = 0. What is the highest common divisor of g and v?
2
Suppose r = -4*v + 92, 4*v - 53 = 5*r + 63. What is the greatest common divisor of 120 and v?
24
Let r be 2/(-11) - 554*(-3)/66. Calculate the greatest common factor of r and 10.
5
Suppose -4 = -4*k + 3*k. Suppose 2*a - 14 = 2*p, -15 = -5*a - 3*p + k. Let l(z) = -36*z - 1. Let b be l(-1). What is the greatest common divisor of a and b?
5
Let p(g) = -g**3 + 6*g**2 - 2*g + 11. Let m be p(5). What is the highest common divisor of m and 26?
26
Suppose 0*z + 12 = 3*s + z, 4*s = -z + 16. Let i = 7 - s. Let f be 1/(i/198 + 0). Calculate the highest common divisor of 6 and f.
6
Suppose -2*w = 2*w + 4*b - 40, 26 = w + 5*b. Calculate the highest common divisor of w and 12.
6
Let s(q) = q**3 - 3*q**2 - 5*q - 4. Let u be s(5). Let a be 167 - 2/(2/(-1)). What is the highest common factor of u and a?
21
Let g(l) = 3*l**2 - 10*l + 6. Let p = -1 - -7. Let r be g(p). Calculate the greatest common divisor of 6 and r.
6
Suppose -4*f - 3 = 5, 4*p - 14 = 5*f. Let a be (-24)/(-6) - p*-1. Let m be 3 - a/((-15)/(-6)). What is the greatest common factor 